{"id":62,"date":"2021-08-31T11:25:44","date_gmt":"2021-08-31T11:25:44","guid":{"rendered":"https:\/\/ramrath-fd.de\/?page_id=62"},"modified":"2025-12-01T11:33:04","modified_gmt":"2025-12-01T11:33:04","slug":"ramrath-fd-2","status":"publish","type":"page","link":"https:\/\/ramrath-fd.de\/","title":{"rendered":"Ramrath-FD"},"content":{"rendered":"\n    \n    <section id=\"carousel-8942\" class=\"u-carousel u-slide u-block-7759-1\" data-u-ride=\"carousel\" data-interval=\"5000\">\n      <ol class=\"u-absolute-hcenter u-carousel-indicators u-block-7759-2\">\n        <li data-u-target=\"#carousel-8942\" class=\"u-active u-grey-30\" data-u-slide-to=\"0\"><\/li>\n        <li data-u-target=\"#carousel-8942\" class=\"u-grey-30\" data-u-slide-to=\"1\"><\/li>\n        <li data-u-target=\"#carousel-8942\" class=\"u-grey-30\" data-u-slide-to=\"2\"><\/li>\n        <li data-u-target=\"#carousel-8942\" class=\"u-grey-30\" data-u-slide-to=\"3\"><\/li>\n      <\/ol>\n      <div class=\"u-carousel-inner\" role=\"listbox\">\n        <div class=\"u-active u-align-center u-carousel-item u-clearfix u-image u-section-2-1\" data-image-width=\"1600\" data-image-height=\"500\" style=\"background-image: url(&quot;https:\/\/ramrath-fd.de\/wp-content\/uploads\/2021\/08\/Ramrath-FD_Sparte.jpg&quot;);\">\n          <div class=\"u-clearfix u-sheet u-sheet-1\">\n            <div class=\"u-align-center u-container-align-center u-container-style u-custom-color-2 u-group u-opacity u-opacity-40 u-group-1\">\n              <div class=\"u-container-layout u-container-layout-1\">\n                <h1 class=\"u-align-center u-text u-title u-text-1\">Finanzen<\/h1>\n                <p class=\"u-text u-text-2\"> Frei in der Wahl \u2013 ganz auf Ihrer Seite!<br>Als freier Finanzdienstleister stehen allein Ihre Interessen im Mittelpunkt. Wir sind an keine Produkte einzelner Institute gebunden \u2013 das erm\u00f6glicht uns, aus dem gesamten Markt genau die L\u00f6sungen auszuw\u00e4hlen, die wirklich zu Ihnen passen.\n                <\/p>\n                <a href=\"https:\/\/ramrath-fd.de\/?page_id=65\" class=\"u-align-center u-border-none u-btn u-button-style u-custom-color-1 u-hover-custom-color-3 u-btn-1\">Mehr informationen<\/a>\n              <\/div>\n            <\/div>\n          <\/div>\n        <\/div>\n        <div class=\"u-align-center u-carousel-item u-clearfix u-image u-section-2-2\" data-image-width=\"1600\" data-image-height=\"500\" style=\"background-image: url(&quot;https:\/\/ramrath-fd.de\/wp-content\/uploads\/2021\/08\/Ramrath-FD_Sparte4.jpg&quot;);\">\n          <div class=\"u-clearfix u-sheet u-sheet-1\">\n            <div class=\"u-align-center u-container-align-center u-container-style u-custom-color-2 u-group u-opacity u-opacity-40 u-group-1\">\n              <div class=\"u-container-layout u-container-layout-1\">\n                <h1 class=\"u-align-center u-text u-title u-text-1\">Immobilien<\/h1>\n                <p class=\"u-text u-text-2\">Die eigenen vier W\u00e4nde -&nbsp;In der Bl\u00fcte der Familienzeit ein sicherer Hafen, werden sie im Alter meist zur Last. Die Umwandlung ihrer Immobilie in die Anlage f\u00fcr das Alter ist eine M\u00f6glichkeit Liquidit\u00e4t im Alter zu sichern.&nbsp;<\/p>\n                <a href=\"https:\/\/ramrath-fd.de\/?page_id=64\" class=\"u-align-center u-border-none u-btn u-button-style u-custom-color-1 u-hover-custom-color-3 u-btn-1\">Mehr informationen<\/a>\n              <\/div>\n            <\/div>\n          <\/div>\n        <\/div>\n        <div class=\"u-align-center u-carousel-item u-clearfix u-image u-section-2-3\" data-image-width=\"1600\" data-image-height=\"500\" style=\"background-image: url(&quot;https:\/\/ramrath-fd.de\/wp-content\/uploads\/2021\/08\/Ramrath-FD_Sparte6.jpg&quot;);\">\n          <div class=\"u-clearfix u-sheet u-sheet-1\">\n            <div class=\"u-align-center u-container-align-center u-container-style u-custom-color-2 u-group u-opacity u-opacity-40 u-group-1\">\n              <div class=\"u-container-layout u-container-layout-1\">\n                <h1 class=\"u-align-center u-text u-title u-text-1\">Vorsorge<\/h1>\n                <p class=\"u-text u-text-2\"> Vorsorgen geht nur vorher!<br>Gemeinsam mit Ihnen planen wir diese Vorsorge und setzen sie auch um. Im privaten und gesch\u00e4ftlichen Bereich gleicherma\u00dfen. Egal ob zus\u00e4tzlich oder grunds\u00e4tzlich. \n                <\/p>\n                <a href=\"https:\/\/ramrath-fd.de\/?page_id=63\" class=\"u-align-center u-border-none u-btn u-button-style u-custom-color-1 u-hover-custom-color-3 u-btn-1\">Mehr informationen<\/a>\n              <\/div>\n            <\/div>\n          <\/div>\n        <\/div>\n        <div class=\"u-align-center u-carousel-item u-clearfix u-image u-section-2-4\" data-image-width=\"1600\" data-image-height=\"500\" style=\"background-image: url(&quot;https:\/\/ramrath-fd.de\/wp-content\/uploads\/2021\/08\/Ramrath-FD_Sparte2.jpg&quot;);\">\n          <div class=\"u-clearfix u-sheet u-sheet-1\">\n            <div class=\"u-align-center u-container-align-center u-container-style u-custom-color-2 u-group u-opacity u-opacity-40 u-group-1\">\n              <div class=\"u-container-layout u-container-layout-1\">\n                <h1 class=\"u-align-center u-text u-title u-text-1\">Vertrauen<\/h1>\n                <p class=\"u-text u-text-2\"> Individuelle Situationen brauchen individuelle L\u00f6sungen.&nbsp;<br>Dazu erstellen wir gemeinsam ein Anforderungsprofil, das vor allem Sie und Ihre Situation ber\u00fccksichtigt, quasi den Menschen hinter den nackten Zahlen. \n                <\/p>\n                <a href=\"https:\/\/ramrath-fd.de\/?page_id=65\" class=\"u-align-center u-border-none u-btn u-button-style u-custom-color-1 u-hover-custom-color-3 u-btn-1\">Mehr informationen<\/a>\n              <\/div>\n            <\/div>\n          <\/div>\n        <\/div>\n      <\/div>\n      <a class=\"u-absolute-vcenter u-carousel-control u-carousel-control-prev u-text-grey-30 u-block-7759-3\" href=\"#carousel-8942\" role=\"button\" data-u-slide=\"prev\"><span aria-hidden=\"true\">\n          <svg viewBox=\"0 0 477.175 477.175\"><path d=\"M145.188,238.575l215.5-215.5c5.3-5.3,5.3-13.8,0-19.1s-13.8-5.3-19.1,0l-225.1,225.1c-5.3,5.3-5.3,13.8,0,19.1l225.1,225\n                    c2.6,2.6,6.1,4,9.5,4s6.9-1.3,9.5-4c5.3-5.3,5.3-13.8,0-19.1L145.188,238.575z\"><\/path><\/svg><\/span><span class=\"sr-only\">Previous<\/span>\n      <\/a>\n      <a class=\"u-absolute-vcenter u-carousel-control u-carousel-control-next u-text-grey-30 u-block-7759-4\" href=\"#carousel-8942\" role=\"button\" data-u-slide=\"next\"><span aria-hidden=\"true\">\n          <svg viewBox=\"0 0 477.175 477.175\"><path d=\"M360.731,229.075l-225.1-225.1c-5.3-5.3-13.8-5.3-19.1,0s-5.3,13.8,0,19.1l215.5,215.5l-215.5,215.5\n                    c-5.3,5.3-5.3,13.8,0,19.1c2.6,2.6,6.1,4,9.5,4c3.4,0,6.9-1.3,9.5-4l225.1-225.1C365.931,242.875,365.931,234.275,360.731,229.075z\"><\/path><\/svg><\/span><span class=\"sr-only\">Next<\/span>\n      <\/a>\n    <\/section>\n    <section class=\"u-clearfix u-section-3\" id=\"sec-054b\">\n      <div class=\"u-clearfix u-sheet u-sheet-1\">\n        <h2 class=\"u-align-center u-text u-text-default u-text-1\">Finanzdienstleistungen &amp; Immobilien<br>ganzheitlich und nachhaltig \n        <\/h2>\n        <div class=\"u-clearfix u-expanded-width u-gutter-10 u-layout-wrap u-layout-wrap-1\">\n          <div class=\"u-layout\">\n            <div class=\"u-layout-col\">\n              <div class=\"u-size-30\">\n                <div class=\"u-layout-row\">\n                  <div class=\"u-container-style u-hidden-sm u-hidden-xs u-image u-layout-cell u-left-cell u-size-30 u-image-1\" src=\"\" data-image-width=\"600\" data-image-height=\"600\" style=\"background-image: url(&quot;https:\/\/ramrath-fd.de\/wp-content\/uploads\/2021\/08\/Ramrath-FD_Sparte_600x6005.jpg&quot;);\">\n                    <div class=\"u-container-layout u-valign-middle u-container-layout-1\"><\/div>\n                  <\/div>\n                  <div class=\"u-align-left u-container-align-left u-container-style u-layout-cell u-right-cell u-size-30 u-layout-cell-2\">\n                    <div class=\"u-container-layout u-valign-middle u-container-layout-2\">\n                      <div class=\"u-container-style u-expanded-width u-group u-group-1\">\n                        <div class=\"u-container-layout\">\n                          <h2 class=\"u-text u-text-2\"> Fitnesskur f\u00fcr Ihre Finanzen&nbsp;<\/h2>\n                          <p class=\"u-text u-text-3\"> Wir machen Sie finanziell fit, um eigene Entscheidungen in Bezug auf Ihre finanzielle Situation zu treffen. Indem wir&nbsp; L\u00f6sungswege und Handlungsm\u00f6glichkeiten an die Hand zu geben damit Sie sich weiterentwickeln und selbst entscheiden<br>\n                          <\/p>\n                          <a href=\"https:\/\/ramrath-fd.de\/?page_id=65\" class=\"u-align-center u-border-none u-btn u-button-style u-hover-custom-color-2 u-btn-1\">Mehr informationen<\/a>\n                        <\/div>\n                      <\/div>\n                    <\/div>\n                  <\/div>\n                <\/div>\n              <\/div>\n              <div class=\"u-size-30\">\n                <div class=\"u-layout-row\">\n                  <div class=\"u-align-left u-container-align-left u-container-style u-layout-cell u-left-cell u-size-30 u-layout-cell-3\">\n                    <div class=\"u-container-layout u-container-layout-4\">\n                      <div class=\"u-container-style u-expanded-width u-group u-group-2\">\n                        <div class=\"u-container-layout\">\n                          <h2 class=\"u-text u-text-4\"> Vertrauens-Makler f\u00fcr Ihre Immobilie <\/h2>\n                          <p class=\"u-text u-text-5\"> Hauseigent\u00fcmer und Vermieter stehen vor schweren Entscheidungen, wenn die n\u00f6tige Zeit zur Pflege der eigenen Immobilie fehlt. Das Liebgewonnene Objekt in gute H\u00e4nde zu \u00fcbergeben ist f\u00fcr Sie ein Anliegen?  Wichtig ist es einen Partner an der Seite zu haben, der f\u00fcr Ihre Belange entscheidet und handelt. <\/p>\n                          <a href=\"https:\/\/ramrath-fd.de\/?page_id=64\" class=\"u-align-center u-border-none u-btn u-button-style u-hover-custom-color-2 u-btn-2\">Mehr informationen<\/a>\n                        <\/div>\n                      <\/div>\n                    <\/div>\n                  <\/div>\n                  <div class=\"u-container-style u-hidden-sm u-hidden-xs u-image u-layout-cell u-right-cell u-size-30 u-image-2\" src=\"\" data-image-width=\"600\" data-image-height=\"600\" style=\"background-image: url(&quot;https:\/\/ramrath-fd.de\/wp-content\/uploads\/2021\/08\/Ramrath-FD_Sparte_600x6004.jpg&quot;);\">\n                    <div class=\"u-container-layout u-valign-middle u-container-layout-6\"><\/div>\n                  <\/div>\n                <\/div>\n              <\/div>\n            <\/div>\n          <\/div>\n        <\/div>\n      <\/div>\n    <\/section>\n    <section class=\"u-clearfix u-custom-color-1 u-section-4\" id=\"sec-3c6e\">\n      <div class=\"u-clearfix u-sheet u-sheet-1\">\n        <img decoding=\"async\" src=\"https:\/\/ramrath-fd.de\/wp-content\/uploads\/2021\/08\/canan-ramrath_Ramrath-FD-1.jpg\" class=\"u-align-left u-image u-image-round u-radius-10 u-image-1\" data-image-width=\"836\" data-image-height=\"754\" alt=\"Canan Ramrath, die seit 1991 als Finanzdienstleisterin und Immobilienmaklerin t\u00e4tig ist\">\n        <div class=\"u-align-center u-container-align-center u-container-style u-group u-shape-rectangle u-white u-group-1\">\n          <div class=\"u-container-layout u-container-layout-1\">\n            <h2 class=\"u-text u-text-custom-color-1 u-text-1\">Haben Sie eine Frage?&nbsp;<br>Schreiben sie uns! \n            <\/h2>\n            <div class=\"u-form u-form-1\">\n              <form action=\"https:\/\/ramrath-fd.de\/wp-content\/plugins\/nicepage\/templates\/form.php?id=62&formId=b855-3c6e\" class=\"u-clearfix u-form-spacing-21 u-form-vertical u-inner-form\" style=\"padding: 0px;\" source=\"customphp\">\n                <div class=\"u-form-email u-form-group\">\n                  <label for=\"email-ef64\" class=\"u-form-control-hidden u-label\">Email<\/label>\n                  <input type=\"email\" placeholder=\"Email\" id=\"email-ef64\" name=\"email\" class=\"u-border-2 u-border-custom-color-3 u-input u-input-rectangle\" required=\"\">\n                <\/div>\n                <div class=\"u-form-group u-form-group-2\">\n                  <label for=\"name-b3c6\" class=\"u-form-control-hidden u-label\"><\/label>\n                  <input type=\"text\" placeholder=\"Geben Sie Ihren Namen ein\" id=\"name-b3c6\" name=\"name\" class=\"u-border-2 u-border-custom-color-3 u-input u-input-rectangle\" required=\"required\">\n                <\/div>\n                <div class=\"u-form-group u-form-message u-form-group-3\">\n                  <label for=\"message-2021\" class=\"u-form-control-hidden u-label\"><\/label>\n                  <textarea placeholder=\"Geben Sie Ihre Nachricht ein\" rows=\"4\" cols=\"50\" id=\"message-2021\" name=\"message\" class=\"u-border-2 u-border-custom-color-3 u-input u-input-rectangle\" required=\"\"><\/textarea>\n                <\/div>\n                <div class=\"u-form-agree u-form-group u-form-group-4\">\n                  <label class=\"u-label\"><\/label>\n                  <input type=\"checkbox\" id=\"agree-f795\" name=\"agree\" class=\"u-agree-checkbox u-field-input\" required=\"\">\n                  <label for=\"agree-f795\" class=\"u-block-6469-29 u-field-label\" style=\"\">\n                    <a class=\"u-active-none u-border-none u-btn u-button-style u-hover-none u-none u-text-palette-1-base u-btn-1\" href=\"https:\/\/ramrath-fd.de\/?page_id=3\">Ich akzeptiere die Datenschutzerkl\u00e4rung<\/a>\n                  <\/label>\n                <\/div>\n                <div class=\"u-form-group u-form-submit\">\n                  <a href=\"#\" class=\"u-border-none u-btn u-btn-submit u-button-style u-custom-color-1 u-hover-custom-color-2 u-btn-2\">Kontakt<\/a>\n                  <input type=\"submit\" value=\"submit\" class=\"u-form-control-hidden\">\n                <\/div>\n                <div class=\"u-form-send-message u-form-send-success\">#FormSendSuccess<\/div>\n                <div class=\"u-form-send-error u-form-send-message\">#FormSendError<\/div>\n                <input type=\"hidden\" value=\"\" name=\"recaptchaResponse\">\n              <\/form>\n            <\/div>\n          <\/div>\n        <\/div>\n      <\/div>\n    <\/section>\n    <section class=\"u-align-center u-clearfix u-container-align-center u-section-5\" id=\"sec-1fcb\">\n      <div class=\"u-clearfix u-sheet u-sheet-1\">\n        <h2 class=\"u-text u-text-default u-text-1\">FAQ - Antworten zu Deinen Fragen<\/h2>\n        <div class=\"u-accordion u-accordion-1\" role=\"tablist\">\n          <div class=\"u-accordion-item\">\n            <a class=\"active u-accordion-link u-button-style u-custom-color-1 u-text-active-white u-text-hover-custom-color-2 u-text-white u-accordion-link-1\" id=\"link-accordion-8570\" aria-controls=\"accordion-8570\" aria-selected=\"true\" role=\"tab\"><span class=\"u-accordion-link-text\">Was macht eine freie Finanz- und Versicherungsmaklerin?<\/span>\n            <\/a>\n            <div class=\"u-accordion-active u-accordion-pane u-container-style u-accordion-pane-1\" id=\"accordion-8570\" aria-labelledby=\"link-accordion-8570\" role=\"tabpanel\">\n              <div class=\"u-container-layout u-valign-top u-container-layout-1\">\n                <p class=\"u-spacing-10 u-text u-text-2\"> Als freie Finanz- und Versicherungsmaklerin betrachte ich Unternehmen und Privatpersonen stets im Ganzen \u2013 mit dem Menschen im Mittelpunkt.<br>Gemeinsam werfen wir einen ganzheitlichen Blick auf Ihre finanzielle Situation. Dabei identifizieren wir Optimierungsm\u00f6glichkeiten und pr\u00fcfen, welche Versicherungen wirklich sinnvoll und notwendig f\u00fcr Ihre Lebens- oder Unternehmenssituation sind. Ziel ist es, Klarheit zu schaffen, passende L\u00f6sungen zu entwickeln und Sie in Ihrer finanziellen Selbstbestimmung zu st\u00e4rken.<br>\n                <\/p>\n              <\/div>\n            <\/div>\n          <\/div>\n          <div class=\"u-accordion-item\">\n            <a class=\"u-accordion-link u-button-style u-custom-color-1 u-text-active-white u-text-hover-custom-color-2 u-text-white u-accordion-link-2\" id=\"link-accordion-ae92\" aria-controls=\"accordion-ae92\" aria-selected=\"false\" role=\"tab\"><span class=\"u-accordion-link-text\">Welche Versicherungen brauche ich wirklich? <br><\/span>\n            <\/a>\n            <div class=\"u-accordion-pane u-container-style u-accordion-pane-2\" id=\"accordion-ae92\" aria-labelledby=\"link-accordion-ae92\" role=\"tabpanel\">\n              <div class=\"u-container-layout u-valign-top u-container-layout-2\">\n                <p class=\"u-spacing-10 u-text u-text-default u-text-3\">Jeder Mensch ist einzigartig. So ist auch der Bedarf. Der ergibt ein Gespr\u00e4ch zwischen Versicherungsmaklerin und ihnen. Hier werden sie als Mensch betrachtet mit Ihren Erfahrungen, Bed\u00fcrfnissen und W\u00fcnschen. Daraus ergeben sich individuelle Empfehlungen, die Sie selbst f\u00fcr sich abw\u00e4gen k\u00f6nnen.&nbsp;<br>\n                <\/p>\n              <\/div>\n            <\/div>\n          <\/div>\n          <div class=\"u-accordion-item\">\n            <a class=\"u-accordion-link u-button-style u-custom-color-1 u-text-active-white u-text-hover-custom-color-2 u-text-white u-accordion-link-3\" id=\"link-accordion-4dc5\" aria-controls=\"accordion-4dc5\" aria-selected=\"false\" role=\"tab\"><span class=\"u-accordion-link-text\">Wie schaffe ich mit gutem Gef\u00fchl meine Immobilie zu verkaufen ?<\/span>\n            <\/a>\n            <div class=\"u-accordion-pane u-container-style u-accordion-pane-3\" id=\"accordion-4dc5\" aria-labelledby=\"link-accordion-4dc5\" role=\"tabpanel\">\n              <div class=\"u-container-layout u-container-layout-3\">\n                <p class=\"u-text u-text-4\">Das eigene Heim in gute H\u00e4nde zu \u00fcbergeben, in das Jahre lang viel Liebe, Schwei\u00df und Geld geflossen ist, ist eine wohl \u00fcberlegte Entscheidung. Da gilt es sich \u00fcber Standpunkt, Einstellung und H\u00fcrden klar zu werden um DEN K\u00e4ufer zu finden. Dabei hilft es einen Begleiter und Unterst\u00fctzer zu haben, der den verkauf der Immobilie begleitet bei der Suche nach geeigneten K\u00e4ufern. Wichtig ist -  Das Objekt in gute H\u00e4nde geben mit dem Wissen den richtigen K\u00e4ufer f\u00fcr SEINE Immobilie zu haben.<br>\n                <\/p>\n              <\/div>\n            <\/div>\n          <\/div>\n        <\/div>\n      <\/div>\n    <\/section>\n    <section class=\"u-clearfix u-custom-color-2 u-section-6\" id=\"sec-e23f\">\n      <div class=\"u-clearfix u-sheet u-valign-middle u-sheet-1\">\n        <div class=\"data-layout-selected u-clearfix u-expanded-width u-gutter-0 u-layout-wrap u-layout-wrap-1\">\n          <div class=\"u-gutter-0 u-layout\">\n            <div class=\"u-layout-row\">\n              <div class=\"u-container-style u-image u-image-contain u-layout-cell u-size-13 u-image-1\" data-image-width=\"300\" data-image-height=\"300\" style=\"background-image: url(&quot;https:\/\/ramrath-fd.de\/wp-content\/uploads\/2021\/08\/favicon-1.jpg?rand=32c2&quot;);\">\n                <div class=\"u-container-layout u-valign-middle u-container-layout-1\"><\/div>\n              <\/div>\n              <div class=\"u-align-left u-container-align-left u-container-style u-layout-cell u-size-24 u-layout-cell-2\">\n                <div class=\"u-container-layout u-valign-top u-container-layout-2\">\n                  <p class=\"u-text u-text-1\"> Ihr freier Finanz und Versicherungsmarkler!<br>Wir beraten in Finanz- und Versicherungsfragen durch&nbsp;Analyse der individuellen, aktuellen Finanz- und Versicherungssituation \n                  <\/p>\n                <\/div>\n              <\/div>\n              <div class=\"u-align-left u-container-align-left u-container-style u-layout-cell u-size-23 u-layout-cell-3\">\n                <div class=\"u-container-layout u-container-layout-3\">\n                  <p class=\"u-text u-text-2\"> RAMRATH Finanzdienstleistungen<br>Hauptverwaltung Hohe Geest 172 A \u2022 48165 M\u00fcnster&nbsp;<br>Telefon: 02501-5948745 \u2022 Fax: 02501-5948725&nbsp;<br>B\u00fcrozeiten: Mo-Fr. 8-12 Uhr und nach Vereinbarung<br>info@ramrath-fd.de \n                  <\/p>\n                <\/div>\n              <\/div>\n            <\/div>\n          <\/div>\n        <\/div>\n      <\/div>\n    <\/section>\n    \n    \n    \n  \n","protected":false},"excerpt":{"rendered":"<p>Finanzen Frei in der Wahl \u2013 ganz auf Ihrer Seite!Als freier Finanzdienstleister stehen allein Ihre Interessen im Mittelpunkt. Wir sind an keine Produkte einzelner Institute gebunden \u2013 das erm\u00f6glicht uns, aus dem gesamten Markt genau die L\u00f6sungen auszuw\u00e4hlen, die wirklich zu Ihnen passen. Mehr informationen Immobilien Die eigenen vier W\u00e4nde &#8211;&nbsp;In der Bl\u00fcte der Familienzeit &hellip; <a href=\"https:\/\/ramrath-fd.de\/\" class=\"more-link\">Continue reading<span class=\"screen-reader-text\"> &#8222;Ramrath-FD&#8220;<\/span><\/a><\/p>\n","protected":false},"author":1,"featured_media":0,"parent":0,"menu_order":1,"comment_status":"closed","ping_status":"closed","template":"","meta":{"om_disable_all_campaigns":false,"_monsterinsights_skip_tracking":false,"_monsterinsights_sitenote_active":false,"_monsterinsights_sitenote_note":"","_monsterinsights_sitenote_category":0,"_uf_show_specific_survey":0,"_uf_disable_surveys":false,"footnotes":""},"class_list":["post-62","page","type-page","status-publish","hentry"],"aioseo_notices":[],"_links":{"self":[{"href":"https:\/\/ramrath-fd.de\/index.php?rest_route=\/wp\/v2\/pages\/62","targetHints":{"allow":["GET"]}}],"collection":[{"href":"https:\/\/ramrath-fd.de\/index.php?rest_route=\/wp\/v2\/pages"}],"about":[{"href":"https:\/\/ramrath-fd.de\/index.php?rest_route=\/wp\/v2\/types\/page"}],"author":[{"embeddable":true,"href":"https:\/\/ramrath-fd.de\/index.php?rest_route=\/wp\/v2\/users\/1"}],"replies":[{"embeddable":true,"href":"https:\/\/ramrath-fd.de\/index.php?rest_route=%2Fwp%2Fv2%2Fcomments&post=62"}],"version-history":[{"count":10,"href":"https:\/\/ramrath-fd.de\/index.php?rest_route=\/wp\/v2\/pages\/62\/revisions"}],"predecessor-version":[{"id":205,"href":"https:\/\/ramrath-fd.de\/index.php?rest_route=\/wp\/v2\/pages\/62\/revisions\/205"}],"wp:attachment":[{"href":"https:\/\/ramrath-fd.de\/index.php?rest_route=%2Fwp%2Fv2%2Fmedia&parent=62"}],"curies":[{"name":"wp","href":"https:\/\/api.w.org\/{rel}","templated":true}]}}